10 = 0, -2*c = -7*y + 3*y + 10. What is the highest common factor of x and c?
5
Let r = 37 - 21. Let q(b) = b**3 - 17*b**2 + 17*b + 20. Let z be q(r). Calculate the greatest common factor of 24 and z.
12
Let k be 194 + (-14)/(-18) + 4/18. What is the highest common divisor of k and 78?
39
Let a be (-3)/((-12)/20 - 0). Let i = a + 16. Let m = i - 5. Calculate the greatest common divisor of m and 4.
4
Suppose 65 = i + 2*q, 3*i = 4*i + q - 65. Let r = 24 + -27. Let t be -13*-1*(12/r - -5). What is the highest common divisor of t and i?
13
Suppose 0 = 53*s + 42*s - 85120. What is the highest common divisor of 384 and s?
128
Suppose -2*j - 96 = 3*q, j - 15 = q - 4*j. Let o = q - -95. What is the greatest common factor of o and 13?
13
Let f be 40/14 + (-8)/(-56). Let m be 0 - (228/f + 4). Let i = -49 - m. Calculate the greatest common factor of 217 and i.
31
Let p = -76 - -85. What is the greatest common divisor of 33 and p?
3
Let j(d) = 8*d + 16. Let z be j(7). Suppose 9 = -4*o - 5*i + 42, 0 = -3*o + i + 39. Let h be (2*3)/(o/z). Calculate the highest common divisor of h and 24.
12
Suppose -12 = -4*t + t. Suppose -3*d = -t*d + 125. Let q(j) = j**3 - 4*j + 2. Let a be q(4). What is the highest common divisor of d and a?
25
Suppose -59 = -6*n + 25. Calculate the greatest common factor of 35 and n.
7
Let f be ((-4)/(-12))/((-3)/(-18)). Suppose -5*d + 122 = -w, d - 3*w = f*d - 18. What is the highest common factor of 24 and d?
24
Let z(c) = 11*c**3 + 11*c**3 - 8*c**3 + 1 + c - c**2. Let t be z(2). What is the greatest common factor of 37 and t?
37
Suppose 5*x + 2*l = 260, -8*l + 3*l + 260 = 5*x. Calculate the highest common divisor of x and 117.
13
Let b(x) be the second derivative of x**4/12 + x**3/6 - 4*x. Let f be b(-2). Suppose f*j + 76 = 6*j. Calculate the highest common divisor of j and 38.
19
Let n = 7 - -12. Suppose -2*o + 40 = 5*r, r + 1 - 2 = o. Let m be 1252/r - 11/(-33). What is the greatest common factor of m and n?
19
Let o be ((-30)/(-7))/((-108)/(-1764)). Calculate the highest common divisor of o and 238.
14
Let s be (-1)/2*-372*1. Let b = s + -120. What is the greatest common factor of b and 165?
33
Let r be (1/(-12)*-20)/((-40)/(-96)). Let k(p) = p**2 - 2*p - 1. Let n be k(-1). Calculate the greatest common divisor of n and r.
2
Suppose -10 = -h - 2*s, h - 6 = 4*h - 3*s. Let k(f) = 4 - 3*f + 2 - 3*f**2 + 6*f**2 - h*f**2. Let d be k(4). Calculate the greatest common factor of d and 20.
10
Let o(s) = 3*s - 14 - s + 5*s + 0*s. Let i be o(17). Suppose -4*t + t = -63. What is the greatest common factor of i and t?
21
Let u be 11 + (-10 - (-21480)/12). What is the greatest common factor of 9 and u?
9
Suppose -365 - 111 = -17*d. What is the highest common divisor of d and 8?
4
Let k be 1/(2 + (-46)/22). Let l(w) = -w**3 - 11*w**2 + w + 14. Let d be l(k). Let b be ((-216)/30)/(d/(-15)). Calculate the highest common divisor of 4 and b.
4
Let k be (4 + 3 + 7)*-8. Let u = k + 182. What is the greatest common factor of u and 10?
10
Let g be (2/5)/((24/(-30))/(-4)). What is the greatest common divisor of 2 and g?
2
Let r = 63 + -46. Let p be r - (0/(-1) - 1). Suppose a - 42 - 102 = 0. Calculate the highest common factor of p and a.
18
Let l = 1434 + -1144. What is the greatest common divisor of 10 and l?
10
Let f be 4/6 - 178/(-3). Let a(s) = -s - 3. Let y be a(-6). Suppose y*q + q = 96. What is the highest common divisor of q and f?
12
Suppose -2*f + 3*g = 3*f + 65, 5*g + 25 = 0. Let b = -10 - f. Suppose b*q - q - 110 = 0. What is the greatest common factor of 11 and q?
11
Let x be (-800)/(-4) + (-2 - -2). Calculate the greatest common divisor of 25 and x.
25
Suppose -2*f - 2*a + 452 = 5*f, -5*a = 25. What is the highest common divisor of 231 and f?
33
Let h = 58 + -73. Let r(s) = -s + 27. Let v be r(h). What is the greatest common divisor of v and 210?
42
Let k be -21*(19/114)/((-1)/4). Calculate the greatest common divisor of k and 154.
14
Let f = -6 - -8. Let o(p) = p - 2. Let c be o(f). Let t = 10 + c. Calculate the highest common divisor of t and 10.
10
Suppose 0 = -z + 2, 2 = 5*v + 2*z - 6*z. Let j(w) = -4*w**v + 10*w**2 - 4*w**2 + 2 + 2*w - 4. Let d be j(-4). Calculate the highest common divisor of d and 88.
22
Let b(f) = -3*f**2 - 1. Let j be b(-1). Let u be ((-6)/j)/((-2)/(-40)). Calculate the highest common factor of u and 30.
30
Let h be 59 - (-1 + 2 + 3). Calculate the highest common factor of h and 33.
11
Suppose -340*m = -334*m - 936. Calculate the highest common factor of 24 and m.
12
Let g(v) = v**3 + v**2 + 2*v + 32. Let b be g(0). Let u(k) = -289*k**3 - 1. Let i be u(-1). Calculate the greatest common divisor of b and i.
32
Let h(m) = -m + 3. Let j be h(-1). Suppose 5*t = -l - 0*l + 62, 2*t - j*l = 16. Calculate the highest common divisor of t and 12.
12
Let q be (1 - 1)*8/16. Suppose -5*l + 10 = 0, -4*y = -q*y + l - 74. Suppose 2*r - y = 22. What is the highest common divisor of r and 4?
4
Suppose 2*n - o - 35 = 0, -34 - 15 = -3*n + 5*o. Let u be (-32)/n - (-14)/(-63). Let w = 40 - u. Calculate the greatest common factor of 6 and w.
6
Suppose 0*k + 1874 = 3*k + h, -2*k + 1250 = h. What is the highest common factor of k and 16?
16
Let t = 63 - 50. Suppose 0*i - 52 = -4*i. What is the highest common factor of i and t?
13
Let y(b) = -15*b - 109. Let p(x) = 7*x + 54. Let s(i) = -9*p(i) - 4*y(i). Let q be s(-20). Calculate the highest common divisor of 90 and q.
10
Let l = 2 + 2. Suppose 2*w + 19 = l*d - 139, -4*d + 155 = -w. Let t be 1 + 4*d + -1. What is the highest common factor of t and 19?
19
Let z(n) = -4*n**2 + 3*n**3 + 12*n**2 + 5*n + n**2 - 4*n**3 - 6. Let f be z(9). Let a = -19 + 45. Calculate the highest common divisor of a and f.
13
Let y = 9 + 1. Let p be 126/15 + (-4)/y. Suppose 0 = -3*b + 9, 3*c - p*c - 4*b = -152. Calculate the greatest common factor of 70 and c.
14
Suppose 4*g + 3*g - 147 = 0. Let n = g - 17. What is the highest common factor of n and 44?
4
Suppose 3*o = -3*d + 24, -4*d - 47*o = -49*o - 26. What is the greatest common factor of 8 and d?
1
Suppose -4*f + 3*r + 8604 = 1701, -3441 = -2*f + 5*r. Calculate the greatest common factor of 54 and f.
54
Let y be 0 + -2*62/(-4). Suppose 11 = 3*u - y. What is the greatest common divisor of u and 2?
2
Let k be ((-2)/3)/(2/(-30)). Suppose -501*y = -496*y - 400. Calculate the greatest common factor of y and k.
10
Let o = 115 - -2. Let h be 10/(-85) + 106/34. Suppose -2*k + h*s = 2*k - 61, -3*k - s = -36. Calculate the greatest common factor of o and k.
13
Let h(m) be the third derivative of -m**4/6 - 5*m**3 - 29*m**2. Let a be h(-13). Let b = -24 - -35. Calculate the greatest common factor of b and a.
11
Suppose 0 = 8*t - 1592 + 1256. Calculate the greatest common divisor of 12 and t.
6
Suppose -3*j = i - 30, 5*j + 35*i = 40*i + 70. Calculate the highest common divisor of j and 297.
11
Suppose 0 = -y - 13*y + 840. What is the highest common factor of y and 24?
12
Let k(v) = v**3 - 35*v**2 - 48*v + 41. Let w be k(37). Calculate the highest common factor of 118 and w.
59
Let q be 220/600 + 3/10 + 48/9. Let v = 39 + 99. Calculate the greatest common factor of q and v.
6
Let g(c) = c**3 + 10*c**2 + 4*c + 6. Suppose 0*a = -a - 9. Let r be g(a). Suppose y + r = 4*y. Calculate the highest common divisor of 51 and y.
17
Let y(o) = 16*o**2 + 10*o - 52. Let i be y(3). What is the highest common factor of i and 671?
61
Let h(x) = -x**3 - x**2 - 2*x + 1. Let i be h(-2). Suppose -2*u = 4*c - 138, -21*c = -18*c - 2*u - 114. What is the highest common divisor of i and c?
9
Let u be 17 - (2 - (-1 + 1)). Suppose 0 = 5*c - 1178 + 403. Suppose -2*b - c = -7*b - q, b + 5*q = 55. What is the highest common divisor of b and u?
15
Let f be (-1)/15 + (-1443)/(-45). Calculate the greatest common divisor of 36 and f.
4
Let l(v) = 2*v**2 - 39*v + 12. Let r be l(20). Calculate the highest common factor of r and 16.
16
Let i be ((-9)/(-30)*24)/((-20)/(-150)). Calculate the highest common divisor of 243 and i.
27
Suppose 22*x = 32*x - 2070. What is the highest common factor of x and 45?
9
Let m = -32 - -35. Suppose x - 62 = -4*i - x, -2*i + m*x + 35 = 0. Suppose 2*q + p = q + 3, 3*p = 3*q - 3. Calculate the highest common factor of q and i.
2
Let v = -378 - -686. What is the greatest comm